st common factor of 25774 and 34190.
526
What is the highest common factor of 23606 and 361601?
1073
Calculate the highest common divisor of 882 and 1078.
98
What is the greatest common divisor of 144 and 234?
18
What is the highest common factor of 48 and 20112?
48
Calculate the highest common divisor of 180 and 5706.
18
Calculate the greatest common factor of 4386 and 42828.
258
Calculate the greatest common divisor of 609 and 19314.
87
Calculate the highest common factor of 137664 and 180.
36
Calculate the highest common factor of 273 and 99762.
39
Calculate the highest common divisor of 40 and 333940.
20
Calculate the greatest common factor of 417650 and 100.
50
What is the greatest common divisor of 1264 and 553948?
316
What is the highest common factor of 896 and 1824?
32
Calculate the greatest common factor of 65142 and 378.
126
Calculate the highest common factor of 4471 and 110723.
263
Calculate the greatest common divisor of 642 and 415374.
642
Calculate the greatest common divisor of 32 and 285756.
4
Calculate the greatest common factor of 243 and 7326.
9
Calculate the highest common divisor of 26 and 2923674.
26
What is the greatest common divisor of 193 and 9332129?
193
What is the highest common factor of 490 and 10395?
35
Calculate the greatest common factor of 1450 and 14848.
58
Calculate the highest common divisor of 207 and 1764.
9
What is the highest common divisor of 179490 and 62?
62
Calculate the highest common divisor of 60072 and 24.
24
Calculate the greatest common factor of 7290 and 1080.
270
Calculate the highest common divisor of 736 and 22264.
184
Calculate the highest common factor of 32 and 432800.
32
Calculate the greatest common factor of 33390 and 1060.
530
Calculate the highest common factor of 306 and 90270.
306
Calculate the highest common factor of 23998 and 139373.
923
What is the greatest common factor of 93 and 2850?
3
Calculate the greatest common factor of 10 and 438395.
5
What is the highest common divisor of 70 and 10724?
14
What is the highest common factor of 3910 and 5015?
85
What is the greatest common factor of 13083 and 3?
3
Calculate the highest common factor of 148 and 945128.
148
Calculate the highest common divisor of 1004 and 12915456.
1004
What is the greatest common factor of 180 and 26244?
36
What is the greatest common divisor of 10968 and 405?
3
Calculate the greatest common divisor of 2970 and 4125.
165
What is the highest common factor of 38563 and 189?
7
What is the greatest common divisor of 18 and 9366?
6
Calculate the greatest common factor of 11348 and 984.
4
What is the greatest common factor of 1989 and 99?
9
What is the highest common factor of 487680 and 800?
160
What is the greatest common divisor of 5658890 and 5?
5
Calculate the greatest common factor of 648 and 7479.
27
What is the greatest common factor of 7 and 385357?
7
Calculate the greatest common factor of 332 and 204844.
332
Calculate the highest common factor of 185 and 2568392.
37
What is the highest common divisor of 63 and 1079316?
63
What is the highest common divisor of 323 and 32509?
19
What is the greatest common factor of 857274 and 14246?
838
What is the greatest common divisor of 44 and 928466?
22
Calculate the highest common divisor of 198600 and 19198.
662
Calculate the highest common divisor of 84 and 565152.
84
Calculate the greatest common divisor of 5868 and 19234.
326
Calculate the greatest common divisor of 3652 and 51460.
332
Calculate the highest common divisor of 2676 and 720.
12
Calculate the greatest common divisor of 39202 and 306.
34
What is the greatest common factor of 60624 and 1710?
18
Calculate the greatest common factor of 9632 and 2576.
112
Calculate the highest common divisor of 5496 and 547539.
687
What is the highest common factor of 1911397 and 1129?
1129
Calculate the highest common divisor of 14744 and 760.
152
What is the highest common factor of 4088 and 70?
14
Calculate the highest common factor of 703 and 32301.
37
Calculate the greatest common divisor of 399 and 281029.
133
What is the greatest common factor of 35398 and 110?
22
What is the greatest common divisor of 88 and 106?
2
Calculate the greatest common divisor of 374 and 27200.
34
What is the highest common divisor of 595 and 24055?
85
Calculate the highest common factor of 351 and 58833.
27
What is the highest common divisor of 741649 and 328?
41
What is the highest common divisor of 810 and 690?
30
What is the greatest common divisor of 96 and 191886?
6
Calculate the greatest common divisor of 43931 and 2364.
197
What is the greatest common divisor of 34700 and 2300?
100
Calculate the greatest common divisor of 110619 and 187.
17
Calculate the highest common factor of 88 and 4456804.
44
Calculate the greatest common factor of 66 and 579315.
33
What is the greatest common divisor of 16 and 541528?
8
Calculate the highest common factor of 6371554 and 53.
53
What is the highest common factor of 1246772 and 212?
212
Calculate the highest common factor of 2028 and 3007524.
2028
Calculate the highest common factor of 50200 and 11720.
40
What is the greatest common divisor of 8 and 145?
1
Calculate the greatest common factor of 149 and 3896201.
149
What is the highest common divisor of 73 and 10669096?
73
Calculate the greatest common divisor of 363 and 10494.
33
Calculate the greatest common factor of 208 and 157392.
16
Calculate the highest common factor of 17384 and 2788.
164
Calculate the greatest common factor of 225 and 204950.
25
Calculate the greatest common factor of 51 and 139995.
51
Calculate the greatest common factor of 123 and 57933.
123
Calculate the highest common divisor of 726 and 9834.
66
Calculate the highest common divisor of 68269 and 586.
293
Calculate the greatest common divisor of 141848 and 3332.
476
Calculate the highest common factor of 3910 and 8.
2
What is the highest common divisor of 672 and 20704?
32
Calculate the highest common factor of 239706 and 69.
69
Calculate the greatest common divisor of 2437299 and 2386.
1193
What is the greatest common divisor of 85 and 4868035?
85
What is the greatest common factor of 197918 and 14?
14
Calculate the greatest common divisor of 68625 and 3843.
549
What is the greatest common divisor of 875 and 2009?
7
What is the highest common divisor of 6622577 and 13?
13
Calculate the highest common divisor of 4188 and 44.
4
Calculate the highest common factor of 882 and 798.
42
Calculate the greatest common divisor of 6648 and 48.
24
What is the highest common divisor of 7173328 and 376?
376
Calculate the greatest common factor of 90 and 1093140.
90
What is the highest common divisor of 1251 and 4878?
9
What is the highest common divisor of 8664 and 11400?
456
Calculate the highest common factor of 322 and 3754.
2
What is the greatest common divisor of 5835 and 135?
15
Calculate the greatest common factor of 127 and 1046861.
127
What is the highest common factor of 4499 and 5709?
11
Calculate the highest common divisor of 21146 and 3488.
218
Calculate the greatest common divisor of 138 and 9499.
23
Calculate the highest common divisor of 277689 and 453.
453
What is the highest common divisor of 20619 and 613593?
711
Calculate the highest common divisor of 136 and 302906.
34
What is the greatest common divisor of 436 and 65836?
436
What is the highest common factor of 19095 and 5293?
67
Calculate the highest common factor of 17974 and 388322.
418
What is the greatest common factor of 217817 and 67?
67
What is the highest common factor of 474 and 358186?
158
What is the greatest common factor of 13213 and 7783?
181
Calculate the highest common divisor of 1 and 751.
1
Calculate the greatest common divisor of 33 and 692307.
33
Calculate the greatest common divisor of 90077 and 3198.
533
Calculate the greatest common factor of 954 and 90.
18
Calculate the highest common factor of 207171 and 27.
27
Calculate the highest common divisor of 5142 and 42.
6
Calculate the highest common divisor of 1176 and 34251.
147
Calculate the highest common divisor of 4 and 2454.
2
Calculate the greatest common divisor of 42 and 25830.
42
What is the greatest common factor of 1984 and 19160?
8
What is the greatest common divisor of 18421 and 52?
13
What is the highest com